{"id":236,"date":"2022-04-28T17:06:12","date_gmt":"2022-04-28T15:06:12","guid":{"rendered":"https:\/\/www.pertu.org\/?page_id=236"},"modified":"2022-06-05T21:44:57","modified_gmt":"2022-06-05T19:44:57","slug":"i-congres-per-tu-2022","status":"publish","type":"page","link":"https:\/\/www.pertu.org\/index.php\/i-congres-per-tu-2022\/","title":{"rendered":"Suma&#8217;t a la revoluci\u00f3 dels pobles"},"content":{"rendered":"\n<h1 class=\"wp-block-heading\"><strong>I CONGR\u00c9S <em>PER TU<\/em><\/strong><\/h1>\n\n\n\n<figure class=\"wp-block-embed is-type-video is-provider-youtube wp-block-embed-youtube wp-embed-aspect-16-9 wp-has-aspect-ratio\"><div class=\"wp-block-embed__wrapper\">\n<iframe loading=\"lazy\" title=\"SPOT 1r CONGR\u00c9S PER TU\" width=\"525\" height=\"295\" src=\"https:\/\/www.youtube.com\/embed\/oI3fbGhGW04?feature=oembed\" frameborder=\"0\" allow=\"accelerometer; autoplay; clipboard-write; encrypted-media; gyroscope; picture-in-picture; web-share\" referrerpolicy=\"strict-origin-when-cross-origin\" allowfullscreen><\/iframe>\n<\/div><\/figure>\n\n\n<h6>T&#8217;apuntes a la revoluci\u00f3 de la pol\u00edtica local?<\/h6>\n<p><strong><img loading=\"lazy\" decoding=\"async\" class=\" wp-image-430 alignright\" src=\"https:\/\/www.pertu.org\/wp-content\/uploads\/2022\/05\/1-1-300x300.png\" alt=\"\" width=\"347\" height=\"347\" srcset=\"https:\/\/www.pertu.org\/wp-content\/uploads\/2022\/05\/1-1-300x300.png 300w, https:\/\/www.pertu.org\/wp-content\/uploads\/2022\/05\/1-1-1024x1024.png 1024w, https:\/\/www.pertu.org\/wp-content\/uploads\/2022\/05\/1-1-150x150.png 150w, https:\/\/www.pertu.org\/wp-content\/uploads\/2022\/05\/1-1-768x768.png 768w, https:\/\/www.pertu.org\/wp-content\/uploads\/2022\/05\/1-1-100x100.png 100w, https:\/\/www.pertu.org\/wp-content\/uploads\/2022\/05\/1-1.png 1080w\" sizes=\"auto, (max-width: 347px) 100vw, 347px\" \/>PER TU<\/strong> organitza el seu primer congr\u00e9s el proper <strong>dissabte 11 de juny, a les 11.00 h, al centre Josep Mur d&#8217;Asc\u00f3<\/strong>. L&#8217;objectiu d&#8217;aquest \u00e9s posar en valor la import\u00e0ncia de l&#8217;administraci\u00f3 local com a eina de progr\u00e9s social i econ\u00f2mic.<\/p>\n<p>El congr\u00e9s va dirigit a totes aquelles persones amb ganes de treballar pel seu municipi. Volem que <strong>PER TU<\/strong> sigui la plataforma que millori la gesti\u00f3 de la pol\u00edtica local al territori. Valors indispensables com el <strong>SENTIT COM\u00da<\/strong> en les decisions que calgui prendre; la <strong>PROXIMITAT<\/strong>, ja que escoltar-nos \u00e9s una obligaci\u00f3; i la <strong>IL\u00b7LUSI\u00d3<\/strong>, l&#8217;<strong>ESFOR\u00c7<\/strong> i el <strong>COMPROM\u00cdS<\/strong> en totes les tasques que desenvolupem, s\u00f3n els que ens representen.<\/p>\n<p>Si vols sumar-te a aquest canvi, si tens ganes de descobrir la nova pol\u00edtica municipal, inscriu-te al <strong>I CONGR\u00c9S <em>PER TU.&nbsp;<\/em><\/strong>Per inscriure&#8217;t nom\u00e9s cal que omplis el formulari que trobar\u00e0s al final d&#8217;aquesta p\u00e0gina web.<\/p>\n<p><em>Si tens qualsevol dubte posa&#8217;t en contacte amb nosaltres enviant un mail a contacte@pertu.org<\/em><\/p>\n\n\n<figure class=\"wp-block-image size-large\"><img loading=\"lazy\" decoding=\"async\" width=\"1024\" height=\"1024\" src=\"https:\/\/www.pertu.org\/wp-content\/uploads\/2022\/05\/2-1-1024x1024.png\" alt=\"\" class=\"wp-image-431\" srcset=\"https:\/\/www.pertu.org\/wp-content\/uploads\/2022\/05\/2-1-1024x1024.png 1024w, https:\/\/www.pertu.org\/wp-content\/uploads\/2022\/05\/2-1-300x300.png 300w, https:\/\/www.pertu.org\/wp-content\/uploads\/2022\/05\/2-1-150x150.png 150w, https:\/\/www.pertu.org\/wp-content\/uploads\/2022\/05\/2-1-768x768.png 768w, https:\/\/www.pertu.org\/wp-content\/uploads\/2022\/05\/2-1-100x100.png 100w, https:\/\/www.pertu.org\/wp-content\/uploads\/2022\/05\/2-1.png 1080w\" sizes=\"auto, (max-width: 706px) 89vw, (max-width: 767px) 82vw, 740px\" \/><\/figure>\n\n\n\n<h1 class=\"wp-block-heading\"><strong>Apunta&#8217;t al I Congr\u00e9s <em>Per tu<\/em><\/strong><\/h1>\n\n\n<div class=\"wpforms-container wpforms-container-full wpforms-block\" id=\"wpforms-329\"><form id=\"wpforms-form-329\" class=\"wpforms-validate wpforms-form wpforms-ajax-form\" data-formid=\"329\" method=\"post\" enctype=\"multipart\/form-data\" action=\"\/index.php\/wp-json\/wp\/v2\/pages\/236\" data-token=\"55a481caf5a5ea6bb3071ef7bfd0fee0\" data-token-time=\"1777584017\"><noscript class=\"wpforms-error-noscript\">Activeu el JavaScript al navegador per a poder completar el formulari.<\/noscript><div class=\"wpforms-field-container\"><div id=\"wpforms-329-field_1-container\" class=\"wpforms-field wpforms-field-name\" data-field-id=\"1\"><label class=\"wpforms-field-label\" for=\"wpforms-329-field_1\">Nom <span class=\"wpforms-required-label\">*<\/span><\/label><input type=\"text\" id=\"wpforms-329-field_1\" class=\"wpforms-field-medium wpforms-field-required\" name=\"wpforms[fields][1]\" required><\/div><div id=\"wpforms-329-field_2-container\" class=\"wpforms-field wpforms-field-email\" data-field-id=\"2\"><label class=\"wpforms-field-label\" for=\"wpforms-329-field_2\">Email <span class=\"wpforms-required-label\">*<\/span><\/label><input type=\"email\" id=\"wpforms-329-field_2\" class=\"wpforms-field-medium wpforms-field-required\" name=\"wpforms[fields][2]\" spellcheck=\"false\" required><\/div><div id=\"wpforms-329-field_8-container\" class=\"wpforms-field wpforms-field-text\" data-field-id=\"8\"><label class=\"wpforms-field-label\" for=\"wpforms-329-field_8\">Tel\u00e8fon de contacte <span class=\"wpforms-required-label\">*<\/span><\/label><input type=\"text\" id=\"wpforms-329-field_8\" class=\"wpforms-field-medium wpforms-field-required\" name=\"wpforms[fields][8]\" required><\/div><div id=\"wpforms-329-field_9-container\" class=\"wpforms-field wpforms-field-text\" data-field-id=\"9\"><label class=\"wpforms-field-label\" for=\"wpforms-329-field_9\">Localitat<\/label><input type=\"text\" id=\"wpforms-329-field_9\" class=\"wpforms-field-medium\" name=\"wpforms[fields][9]\" ><\/div><\/div><!-- .wpforms-field-container --><div class=\"wpforms-submit-container\" ><input type=\"hidden\" name=\"wpforms[id]\" value=\"329\"><input type=\"hidden\" name=\"page_title\" value=\"\"><input type=\"hidden\" name=\"page_url\" value=\"https:\/\/www.pertu.org\/index.php\/wp-json\/wp\/v2\/pages\/236\"><input type=\"hidden\" name=\"url_referer\" value=\"\"><button type=\"submit\" name=\"wpforms[submit]\" id=\"wpforms-submit-329\" class=\"wpforms-submit\" data-alt-text=\"Enviant...\" data-submit-text=\"Envia\" aria-live=\"assertive\" value=\"wpforms-submit\">Envia<\/button><img loading=\"lazy\" decoding=\"async\" src=\"https:\/\/www.pertu.org\/wp-content\/plugins\/wpforms-lite\/assets\/images\/submit-spin.svg\" class=\"wpforms-submit-spinner\" style=\"display: none;\" width=\"26\" height=\"26\" alt=\"S&#039;est\u00e0 carregant\"><\/div><\/form><\/div>  <!-- .wpforms-container -->\n\n\n<figure class=\"wp-block-image size-large\"><img loading=\"lazy\" decoding=\"async\" width=\"1024\" height=\"512\" src=\"https:\/\/www.pertu.org\/wp-content\/uploads\/2022\/05\/Cartell-Congres-Per-Tu-Banner-horizontal-1-1024x512.png\" alt=\"\" class=\"wp-image-432\" srcset=\"https:\/\/www.pertu.org\/wp-content\/uploads\/2022\/05\/Cartell-Congres-Per-Tu-Banner-horizontal-1-1024x512.png 1024w, https:\/\/www.pertu.org\/wp-content\/uploads\/2022\/05\/Cartell-Congres-Per-Tu-Banner-horizontal-1-300x150.png 300w, https:\/\/www.pertu.org\/wp-content\/uploads\/2022\/05\/Cartell-Congres-Per-Tu-Banner-horizontal-1-768x384.png 768w, https:\/\/www.pertu.org\/wp-content\/uploads\/2022\/05\/Cartell-Congres-Per-Tu-Banner-horizontal-1-1536x768.png 1536w, https:\/\/www.pertu.org\/wp-content\/uploads\/2022\/05\/Cartell-Congres-Per-Tu-Banner-horizontal-1-2048x1024.png 2048w\" sizes=\"auto, (max-width: 706px) 89vw, (max-width: 767px) 82vw, 740px\" \/><\/figure>\n","protected":false},"excerpt":{"rendered":"<p>I CONGR\u00c9S PER TU T&#8217;apuntes a la revoluci\u00f3 de la pol\u00edtica local? PER TU organitza el seu primer congr\u00e9s el proper dissabte 11 de juny, a les 11.00 h, al centre Josep Mur d&#8217;Asc\u00f3. L&#8217;objectiu d&#8217;aquest \u00e9s posar en valor la import\u00e0ncia de l&#8217;administraci\u00f3 local com a eina de progr\u00e9s social i econ\u00f2mic. El congr\u00e9s &hellip; <\/p>\n<p class=\"link-more\"><a href=\"https:\/\/www.pertu.org\/index.php\/i-congres-per-tu-2022\/\" class=\"more-link\">Continua llegint <span class=\"screen-reader-text\">\u00abSuma&#8217;t a la revoluci\u00f3 dels pobles\u00bb<\/span><\/a><\/p>\n","protected":false},"author":2,"featured_media":0,"parent":0,"menu_order":0,"comment_status":"closed","ping_status":"closed","template":"","meta":{"_exactmetrics_skip_tracking":false,"_exactmetrics_sitenote_active":false,"_exactmetrics_sitenote_note":"","_exactmetrics_sitenote_category":0,"footnotes":""},"class_list":["post-236","page","type-page","status-publish","hentry"],"_links":{"self":[{"href":"https:\/\/www.pertu.org\/index.php\/wp-json\/wp\/v2\/pages\/236","targetHints":{"allow":["GET"]}}],"collection":[{"href":"https:\/\/www.pertu.org\/index.php\/wp-json\/wp\/v2\/pages"}],"about":[{"href":"https:\/\/www.pertu.org\/index.php\/wp-json\/wp\/v2\/types\/page"}],"author":[{"embeddable":true,"href":"https:\/\/www.pertu.org\/index.php\/wp-json\/wp\/v2\/users\/2"}],"replies":[{"embeddable":true,"href":"https:\/\/www.pertu.org\/index.php\/wp-json\/wp\/v2\/comments?post=236"}],"version-history":[{"count":18,"href":"https:\/\/www.pertu.org\/index.php\/wp-json\/wp\/v2\/pages\/236\/revisions"}],"predecessor-version":[{"id":443,"href":"https:\/\/www.pertu.org\/index.php\/wp-json\/wp\/v2\/pages\/236\/revisions\/443"}],"wp:attachment":[{"href":"https:\/\/www.pertu.org\/index.php\/wp-json\/wp\/v2\/media?parent=236"}],"curies":[{"name":"wp","href":"https:\/\/api.w.org\/{rel}","templated":true}]}}