{"id":393,"date":"2022-05-02T12:14:31","date_gmt":"2022-05-02T10:14:31","guid":{"rendered":"https:\/\/www.pertu.org\/?page_id=393"},"modified":"2022-05-03T21:24:08","modified_gmt":"2022-05-03T19:24:08","slug":"afiliat-a-per-tu","status":"publish","type":"page","link":"https:\/\/www.pertu.org\/index.php\/afiliat-a-per-tu\/","title":{"rendered":"Afilia&#8217;t a Per Tu"},"content":{"rendered":"<p>Un dels valors m\u00e9s destacables de <strong>PER TU<\/strong> s\u00f3n els seus militants, gent compromesa pel progr\u00e9s del territori amb una mirada cap al futur sense excloure a ning\u00fa.<\/p>\n<p>Per afiliar-te a <strong>PER TU\u00a0<\/strong>has de fer el seg\u00fcent:<\/p>\n<ol>\n<li style=\"list-style-type: none;\">\n<ol>\n<li style=\"list-style-type: none;\">\n<ol>\n<li>Descarrega l&#8217;arxiu de sol\u00b7licitud d&#8217;afiliaci\u00f3 al partit que trobar\u00e0s en aquesta p\u00e0gina.<\/li>\n<li>Omple&#8217;l amb les teves dades, i signa&#8217;l.<\/li>\n<li>Envia&#8217;ns a <strong><a href=\"mailto:contacte@pertu.org\">contacte@pertu.org<\/a><\/strong>\n<ul>\n<li>El document de sol\u00b7licitud amb les teves dades i signat.<\/li>\n<li>Una fotoc\u00f2pia del DNI\/NIE per les dues cares.<\/li>\n<li>A l&#8217;assumpte del correu posa-hi el teu nom seguit de <em>&#8220;AFILIACI\u00d3 PER TU&#8221;<\/em>.<\/li>\n<\/ul>\n<\/li>\n<\/ol>\n<\/li>\n<\/ol>\n<\/li>\n<\/ol>\n<p>Un cop rebem la teva sol\u00b7licitud, ens posarem en contacte amb tu per confirmar que t&#8217;hagis afiliat a <strong>PER TU<\/strong> correctament.<\/p>\n<p><span style=\"color: #808080;\"><em>La quota anual d&#8217;afiliaci\u00f3 al partit \u00e9s de 10 \u20ac. Si prefereixes no domiciliar el pagament, NO omplis les dades banc\u00e0ries. Amb aquesta opci\u00f3, un cop ens envi\u00efs la sol\u00b7licitud signada, et contactarem per processar el pagament de la quota a trav\u00e9s de transfer\u00e8ncia banc\u00e0ria.<\/em><\/span><\/p>\n<h1><strong>COMENCEM?<\/strong><\/h1>\n\n\n<div class=\"wp-block-file\"><a id=\"wp-block-file--media-11a4b5d4-14b5-4d89-b04e-554dd27cf481\" href=\"https:\/\/www.pertu.org\/wp-content\/uploads\/2022\/05\/SOL_LICITUD_D_AFILIACIO_PER_TU.pdf\"><strong>SOL\u00b7LICITUD D&#8217;AFILIACI\u00d3 A PER TU<\/strong><\/a><a href=\"https:\/\/www.pertu.org\/wp-content\/uploads\/2022\/05\/SOL_LICITUD_D_AFILIACIO_PER_TU.pdf\" class=\"wp-block-file__button\" download aria-describedby=\"wp-block-file--media-11a4b5d4-14b5-4d89-b04e-554dd27cf481\">Baixa<\/a><\/div>\n\n\n\n<p><\/p>\n","protected":false},"excerpt":{"rendered":"<p>Un dels valors m\u00e9s destacables de PER TU s\u00f3n els seus militants, gent compromesa pel progr\u00e9s del territori amb una mirada cap al futur sense excloure a ning\u00fa. Per afiliar-te a PER TU\u00a0has de fer el seg\u00fcent: Descarrega l&#8217;arxiu de sol\u00b7licitud d&#8217;afiliaci\u00f3 al partit que trobar\u00e0s en aquesta p\u00e0gina. Omple&#8217;l amb les teves dades, i &hellip; <\/p>\n<p class=\"link-more\"><a href=\"https:\/\/www.pertu.org\/index.php\/afiliat-a-per-tu\/\" class=\"more-link\">Continua llegint <span class=\"screen-reader-text\">\u00abAfilia&#8217;t a Per Tu\u00bb<\/span><\/a><\/p>\n","protected":false},"author":2,"featured_media":0,"parent":0,"menu_order":0,"comment_status":"closed","ping_status":"closed","template":"","meta":{"_exactmetrics_skip_tracking":false,"_exactmetrics_sitenote_active":false,"_exactmetrics_sitenote_note":"","_exactmetrics_sitenote_category":0,"footnotes":""},"class_list":["post-393","page","type-page","status-publish","hentry"],"_links":{"self":[{"href":"https:\/\/www.pertu.org\/index.php\/wp-json\/wp\/v2\/pages\/393","targetHints":{"allow":["GET"]}}],"collection":[{"href":"https:\/\/www.pertu.org\/index.php\/wp-json\/wp\/v2\/pages"}],"about":[{"href":"https:\/\/www.pertu.org\/index.php\/wp-json\/wp\/v2\/types\/page"}],"author":[{"embeddable":true,"href":"https:\/\/www.pertu.org\/index.php\/wp-json\/wp\/v2\/users\/2"}],"replies":[{"embeddable":true,"href":"https:\/\/www.pertu.org\/index.php\/wp-json\/wp\/v2\/comments?post=393"}],"version-history":[{"count":9,"href":"https:\/\/www.pertu.org\/index.php\/wp-json\/wp\/v2\/pages\/393\/revisions"}],"predecessor-version":[{"id":427,"href":"https:\/\/www.pertu.org\/index.php\/wp-json\/wp\/v2\/pages\/393\/revisions\/427"}],"wp:attachment":[{"href":"https:\/\/www.pertu.org\/index.php\/wp-json\/wp\/v2\/media?parent=393"}],"curies":[{"name":"wp","href":"https:\/\/api.w.org\/{rel}","templated":true}]}}

<p>Un dels valors més destacables de <strong>PER TU</strong> són els seus militants, gent compromesa pel progrés del territori amb una mirada cap al futur sense excloure a ningú.</p>
<p>Per afiliar-te a <strong>PER TU </strong>has de fer el següent:</p>
<ol>
<li style="list-style-type: none;">
<ol>
<li style="list-style-type: none;">
<ol>
<li>Descarrega l&#8217;arxiu de sol·licitud d&#8217;afiliació al partit que trobaràs en aquesta pàgina.</li>
<li>Omple&#8217;l amb les teves dades, i signa&#8217;l.</li>
<li>Envia&#8217;ns a <strong><a href="mailto:contacte@pertu.org">contacte@pertu.org</a></strong>
<ul>
<li>El document de sol·licitud amb les teves dades i signat.</li>
<li>Una fotocòpia del DNI/NIE per les dues cares.</li>
<li>A l&#8217;assumpte del correu posa-hi el teu nom seguit de <em>&#8220;AFILIACIÓ PER TU&#8221;</em>.</li>
</ul>
</li>
</ol>
</li>
</ol>
</li>
</ol>
<p>Un cop rebem la teva sol·licitud, ens posarem en contacte amb tu per confirmar que t&#8217;hagis afiliat a <strong>PER TU</strong> correctament.</p>
<p><span style="color: #808080;"><em>La quota anual d&#8217;afiliació al partit és de 10 €. Si prefereixes no domiciliar el pagament, NO omplis les dades bancàries. Amb aquesta opció, un cop ens enviïs la sol·licitud signada, et contactarem per processar el pagament de la quota a través de transferència bancària.</em></span></p>
<h1><strong>COMENCEM?</strong></h1>


<div class="wp-block-file"><a id="wp-block-file--media-11a4b5d4-14b5-4d89-b04e-554dd27cf481" href="https://www.pertu.org/wp-content/uploads/2022/05/SOL_LICITUD_D_AFILIACIO_PER_TU.pdf"><strong>SOL·LICITUD D&#8217;AFILIACIÓ A PER TU</strong></a><a href="https://www.pertu.org/wp-content/uploads/2022/05/SOL_LICITUD_D_AFILIACIO_PER_TU.pdf" class="wp-block-file__button" download aria-describedby="wp-block-file--media-11a4b5d4-14b5-4d89-b04e-554dd27cf481">Baixa</a></div>



<p></p>

<p>Un dels valors més destacables de PER TU són els seus militants, gent compromesa pel progrés del territori amb una mirada cap al futur sense excloure a ningú. Per afiliar-te a PER TU has de fer el següent: Descarrega l&#8217;arxiu de sol·licitud d&#8217;afiliació al partit que trobaràs en aquesta pàgina. Omple&#8217;l amb les teves dades, i &hellip; </p>
<p class="link-more"><a href="https://www.pertu.org/index.php/afiliat-a-per-tu/" class="more-link">Continua llegint <span class="screen-reader-text">«Afilia&#8217;t a Per Tu»</span></a></p>
