{"id":466,"date":"2023-02-23T21:00:30","date_gmt":"2023-02-23T19:00:30","guid":{"rendered":"https:\/\/www.pertu.org\/?page_id=466"},"modified":"2023-03-19T10:02:42","modified_gmt":"2023-03-19T08:02:42","slug":"montbrio-del-camp-2023","status":"publish","type":"page","link":"https:\/\/www.pertu.org\/index.php\/montbrio-del-camp-2023\/","title":{"rendered":"Montbri\u00f3 del Camp (2023)"},"content":{"rendered":"\n<p>Presentaci\u00f3<\/p>\n\n\n\n<div class=\"wp-block-image\"><figure class=\"alignleft size-full is-resized\"><img loading=\"lazy\" decoding=\"async\" src=\"https:\/\/www.pertu.org\/wp-content\/uploads\/2023\/02\/LogoMontbrio.jpeg\" alt=\"\" class=\"wp-image-467\" width=\"103\" height=\"103\" srcset=\"https:\/\/www.pertu.org\/wp-content\/uploads\/2023\/02\/LogoMontbrio.jpeg 850w, https:\/\/www.pertu.org\/wp-content\/uploads\/2023\/02\/LogoMontbrio-300x300.jpeg 300w, https:\/\/www.pertu.org\/wp-content\/uploads\/2023\/02\/LogoMontbrio-150x150.jpeg 150w, https:\/\/www.pertu.org\/wp-content\/uploads\/2023\/02\/LogoMontbrio-768x768.jpeg 768w, https:\/\/www.pertu.org\/wp-content\/uploads\/2023\/02\/LogoMontbrio-100x100.jpeg 100w\" sizes=\"auto, (max-width: 103px) 100vw, 103px\" \/><\/figure><\/div>\n\n\n\n<p><strong>PER TU <\/strong>\u00e9s un partit pol\u00edtic de car\u00e0cter municipalista que neix l\u2019any 2019. El seu objectiu: donar resposta a les inquietuds de la ciutadania davant els reptes als quals s\u2019encararia el poble en els propers anys.<\/p>\n\n\n\n<p>L&#8217;any 2019 van guanyar les eleccions al poble de d\u2019Asc\u00f3, i despr\u00e9s d\u2019aix\u00f2, <strong>PER TU<\/strong> es veu amb la voluntat de cr\u00e9ixer i servir com a eina de progr\u00e9s per a altres pobles del territori catal\u00e0. L\u2019any 2023, un grup d\u2019habitants del poble de <strong>Montbri\u00f3 del Camp<\/strong>, i veient que el poble t\u00e9 unes necessitats, s\u2019afegeixen al partit, per formar una candidatura per les eleccions municipals de Montbri\u00f3.<\/p>\n\n\n\n<p>Aquest \u00e9s un projecte transversal i obert que es marca com a guia el progr\u00e9s econ\u00f2mic i social a trav\u00e9s d\u2019una gesti\u00f3 pol\u00edtica des de la <strong>proximitat<\/strong> en qu\u00e8 escoltar-nos ha de ser una obligaci\u00f3. No som un partit que governa des de grans despatxos, no tenim interessos compromesos que no vagin m\u00e9s enll\u00e0 de les preocupacions dels habitants dels nostres pobles.<\/p>\n\n\n\n<p>Per aix\u00f2 cal que els nostres representants aportin <strong>sentit com\u00fa<\/strong> en les decisions que calgui prendre fruit del <strong>comprom\u00eds<\/strong> envers el poble i el territori.<\/p>\n\n\n\n<p><strong>PER TU <\/strong>sorgeix de la suma de moltes voluntats diverses i unides per la <strong>il\u00b7lusi\u00f3<\/strong>. Determinades a aportar tot el seu <strong>esfor\u00e7<\/strong> per millorar el futur de totes les poblacions del territori. Per aquest prop\u00f2sit, cal comptar amb tothom. Per fer avan\u00e7ar els nostres pobles, totes les persones som necess\u00e0ries. Volem que tots els pobles del territori estiguin m\u00e9s vius que mai.<\/p>\n\n\n\n<p><\/p>\n\n\n\n<p><strong>Suma\u2019t al canvi!<\/strong><\/p>\n\n\n\n<p>Xarxes socials Montbri\u00f3 del Camp:<\/p>\n\n\n\n<p> <a href=\"https:\/\/www.instagram.com\/xtu.montbrio\/\" target=\"_blank\" rel=\"noreferrer noopener\"><img decoding=\"async\" src=\"https:\/\/www.pertu.org\/wp-content\/uploads\/2023\/02\/instagram.png\" width=\"32px\"><\/a>  &nbsp;<a href=\"https:\/\/www.facebook.com\/profile.php?id=100089757612152\" target=\"_blank\" rel=\"noreferrer noopener\"><img decoding=\"async\" src=\"https:\/\/www.pertu.org\/wp-content\/uploads\/2023\/02\/facebook.png\" width=\"32px\"><\/a><\/p>\n","protected":false},"excerpt":{"rendered":"<p>Presentaci\u00f3 PER TU \u00e9s un partit pol\u00edtic de car\u00e0cter municipalista que neix l\u2019any 2019. El seu objectiu: donar resposta a les inquietuds de la ciutadania davant els reptes als quals s\u2019encararia el poble en els propers anys. L&#8217;any 2019 van guanyar les eleccions al poble de d\u2019Asc\u00f3, i despr\u00e9s d\u2019aix\u00f2, PER TU es veu amb &hellip; <\/p>\n<p class=\"link-more\"><a href=\"https:\/\/www.pertu.org\/index.php\/montbrio-del-camp-2023\/\" class=\"more-link\">Continua llegint <span class=\"screen-reader-text\">\u00abMontbri\u00f3 del Camp (2023)\u00bb<\/span><\/a><\/p>\n","protected":false},"author":1,"featured_media":0,"parent":0,"menu_order":0,"comment_status":"closed","ping_status":"closed","template":"","meta":{"_exactmetrics_skip_tracking":false,"_exactmetrics_sitenote_active":false,"_exactmetrics_sitenote_note":"","_exactmetrics_sitenote_category":0,"footnotes":""},"class_list":["post-466","page","type-page","status-publish","hentry"],"_links":{"self":[{"href":"https:\/\/www.pertu.org\/index.php\/wp-json\/wp\/v2\/pages\/466","targetHints":{"allow":["GET"]}}],"collection":[{"href":"https:\/\/www.pertu.org\/index.php\/wp-json\/wp\/v2\/pages"}],"about":[{"href":"https:\/\/www.pertu.org\/index.php\/wp-json\/wp\/v2\/types\/page"}],"author":[{"embeddable":true,"href":"https:\/\/www.pertu.org\/index.php\/wp-json\/wp\/v2\/users\/1"}],"replies":[{"embeddable":true,"href":"https:\/\/www.pertu.org\/index.php\/wp-json\/wp\/v2\/comments?post=466"}],"version-history":[{"count":9,"href":"https:\/\/www.pertu.org\/index.php\/wp-json\/wp\/v2\/pages\/466\/revisions"}],"predecessor-version":[{"id":486,"href":"https:\/\/www.pertu.org\/index.php\/wp-json\/wp\/v2\/pages\/466\/revisions\/486"}],"wp:attachment":[{"href":"https:\/\/www.pertu.org\/index.php\/wp-json\/wp\/v2\/media?parent=466"}],"curies":[{"name":"wp","href":"https:\/\/api.w.org\/{rel}","templated":true}]}}

Montbrió del Camp (2023)

<p>Presentació</p>



<div class="wp-block-image"><figure class="alignleft size-full is-resized"><img loading="lazy" decoding="async" src="https://www.pertu.org/wp-content/uploads/2023/02/LogoMontbrio.jpeg" alt="" class="wp-image-467" width="103" height="103" srcset="https://www.pertu.org/wp-content/uploads/2023/02/LogoMontbrio.jpeg 850w, https://www.pertu.org/wp-content/uploads/2023/02/LogoMontbrio-300x300.jpeg 300w, https://www.pertu.org/wp-content/uploads/2023/02/LogoMontbrio-150x150.jpeg 150w, https://www.pertu.org/wp-content/uploads/2023/02/LogoMontbrio-768x768.jpeg 768w, https://www.pertu.org/wp-content/uploads/2023/02/LogoMontbrio-100x100.jpeg 100w" sizes="auto, (max-width: 103px) 100vw, 103px" /></figure></div>



<p><strong>PER TU </strong>és un partit polític de caràcter municipalista que neix l’any 2019. El seu objectiu: donar resposta a les inquietuds de la ciutadania davant els reptes als quals s’encararia el poble en els propers anys.</p>



<p>L&#8217;any 2019 van guanyar les eleccions al poble de d’Ascó, i després d’això, <strong>PER TU</strong> es veu amb la voluntat de créixer i servir com a eina de progrés per a altres pobles del territori català. L’any 2023, un grup d’habitants del poble de <strong>Montbrió del Camp</strong>, i veient que el poble té unes necessitats, s’afegeixen al partit, per formar una candidatura per les eleccions municipals de Montbrió.</p>



<p>Aquest és un projecte transversal i obert que es marca com a guia el progrés econòmic i social a través d’una gestió política des de la <strong>proximitat</strong> en què escoltar-nos ha de ser una obligació. No som un partit que governa des de grans despatxos, no tenim interessos compromesos que no vagin més enllà de les preocupacions dels habitants dels nostres pobles.</p>



<p>Per això cal que els nostres representants aportin <strong>sentit comú</strong> en les decisions que calgui prendre fruit del <strong>compromís</strong> envers el poble i el territori.</p>



<p><strong>PER TU </strong>sorgeix de la suma de moltes voluntats diverses i unides per la <strong>il·lusió</strong>. Determinades a aportar tot el seu <strong>esforç</strong> per millorar el futur de totes les poblacions del territori. Per aquest propòsit, cal comptar amb tothom. Per fer avançar els nostres pobles, totes les persones som necessàries. Volem que tots els pobles del territori estiguin més vius que mai.</p>



<p></p>



<p><strong>Suma’t al canvi!</strong></p>



<p>Xarxes socials Montbrió del Camp:</p>



<p> <a href="https://www.instagram.com/xtu.montbrio/" target="_blank" rel="noreferrer noopener"><img decoding="async" src="https://www.pertu.org/wp-content/uploads/2023/02/instagram.png" width="32px"></a>  &nbsp;<a href="https://www.facebook.com/profile.php?id=100089757612152" target="_blank" rel="noreferrer noopener"><img decoding="async" src="https://www.pertu.org/wp-content/uploads/2023/02/facebook.png" width="32px"></a></p>

<p>Presentació PER TU és un partit polític de caràcter municipalista que neix l’any 2019. El seu objectiu: donar resposta a les inquietuds de la ciutadania davant els reptes als quals s’encararia el poble en els propers anys. L&#8217;any 2019 van guanyar les eleccions al poble de d’Ascó, i després d’això, PER TU es veu amb &hellip; </p>
<p class="link-more"><a href="https://www.pertu.org/index.php/montbrio-del-camp-2023/" class="more-link">Continua llegint <span class="screen-reader-text">«Montbrió del Camp (2023)»</span></a></p>
