{"id":495,"date":"2023-03-19T10:15:58","date_gmt":"2023-03-19T08:15:58","guid":{"rendered":"https:\/\/www.pertu.org\/?page_id=495"},"modified":"2023-05-15T20:03:09","modified_gmt":"2023-05-15T18:03:09","slug":"programa-montbrio-2023","status":"publish","type":"page","link":"https:\/\/www.pertu.org\/index.php\/programa-montbrio-2023\/","title":{"rendered":"Programa"},"content":{"rendered":"\n<p>Montbrio del Camp 2023<\/p>\n\n\n\n<h5><strong>Programa Electoral Catal\u00e0<\/strong><\/h5>\n<p><object data=\"https:\/\/www.pertu.org\/wp-content\/uploads\/2023\/05\/2023MontbrioProgramaCatVotans.pdf\" type=\"application\/pdf\" width=\"100%\" height=\"500px\"><a target=\"_blank\" href=\"https:\/\/www.pertu.org\/wp-content\/uploads\/2023\/05\/2023MontbrioProgramaCatVotans.pdf\" rel=\"noopener\"><img decoding=\"async\" src=\"https:\/\/www.pertu.org\/wp-content\/uploads\/2023\/05\/2023MontbrioProgramaCatVotans.png\" height=\"500px\"><\/a><\/object><\/p>\n<p><strong><a href=\"https:\/\/www.pertu.org\/wp-content\/uploads\/2023\/05\/2023MontbrioProgramaCatVotans.pdf\">Descarrega el PROGRAMA electoral en Catal\u00e0<\/a><\/strong><\/p>\n<h5><strong>Programa Electoral Castell\u00e0<\/strong><\/h5>\n<p><object data=\"https:\/\/www.pertu.org\/wp-content\/uploads\/2023\/05\/2023MontbrioProgramaCastVotans.pdf\" type=\"application\/pdf\" width=\"100%\" height=\"500px\"><a target=\"_blank\" href=\"https:\/\/www.pertu.org\/wp-content\/uploads\/2023\/05\/2023MontbrioProgramaCastVotans.pdf\" rel=\"noopener\"><img decoding=\"async\" src=\"https:\/\/www.pertu.org\/wp-content\/uploads\/2023\/05\/2023MontbrioProgramaCastVotans.png\" height=\"500px\"><\/a><\/object><\/p>\n<p><strong><a href=\"https:\/\/www.pertu.org\/wp-content\/uploads\/2023\/05\/2023MontbrioProgramaCastVotans.pdf\">Descarrega el PROGRAMA electoral en Castell\u00e0<\/a><\/strong><\/p>\n","protected":false},"excerpt":{"rendered":"<p>Montbrio del Camp 2023 Programa Electoral Catal\u00e0 Descarrega el PROGRAMA electoral en Catal\u00e0 Programa Electoral Castell\u00e0 Descarrega el PROGRAMA electoral en Castell\u00e0<\/p>\n","protected":false},"author":1,"featured_media":0,"parent":0,"menu_order":0,"comment_status":"closed","ping_status":"closed","template":"","meta":{"_exactmetrics_skip_tracking":false,"_exactmetrics_sitenote_active":false,"_exactmetrics_sitenote_note":"","_exactmetrics_sitenote_category":0,"footnotes":""},"class_list":["post-495","page","type-page","status-publish","hentry"],"_links":{"self":[{"href":"https:\/\/www.pertu.org\/index.php\/wp-json\/wp\/v2\/pages\/495","targetHints":{"allow":["GET"]}}],"collection":[{"href":"https:\/\/www.pertu.org\/index.php\/wp-json\/wp\/v2\/pages"}],"about":[{"href":"https:\/\/www.pertu.org\/index.php\/wp-json\/wp\/v2\/types\/page"}],"author":[{"embeddable":true,"href":"https:\/\/www.pertu.org\/index.php\/wp-json\/wp\/v2\/users\/1"}],"replies":[{"embeddable":true,"href":"https:\/\/www.pertu.org\/index.php\/wp-json\/wp\/v2\/comments?post=495"}],"version-history":[{"count":24,"href":"https:\/\/www.pertu.org\/index.php\/wp-json\/wp\/v2\/pages\/495\/revisions"}],"predecessor-version":[{"id":567,"href":"https:\/\/www.pertu.org\/index.php\/wp-json\/wp\/v2\/pages\/495\/revisions\/567"}],"wp:attachment":[{"href":"https:\/\/www.pertu.org\/index.php\/wp-json\/wp\/v2\/media?parent=495"}],"curies":[{"name":"wp","href":"https:\/\/api.w.org\/{rel}","templated":true}]}}

<p>Montbrio del Camp 2023</p>



<h5><strong>Programa Electoral Català</strong></h5>
<p><object data="https://www.pertu.org/wp-content/uploads/2023/05/2023MontbrioProgramaCatVotans.pdf" type="application/pdf" width="100%" height="500px"><a target="_blank" href="https://www.pertu.org/wp-content/uploads/2023/05/2023MontbrioProgramaCatVotans.pdf" rel="noopener"><img decoding="async" src="https://www.pertu.org/wp-content/uploads/2023/05/2023MontbrioProgramaCatVotans.png" height="500px"></a></object></p>
<p><strong><a href="https://www.pertu.org/wp-content/uploads/2023/05/2023MontbrioProgramaCatVotans.pdf">Descarrega el PROGRAMA electoral en Català</a></strong></p>
<h5><strong>Programa Electoral Castellà</strong></h5>
<p><object data="https://www.pertu.org/wp-content/uploads/2023/05/2023MontbrioProgramaCastVotans.pdf" type="application/pdf" width="100%" height="500px"><a target="_blank" href="https://www.pertu.org/wp-content/uploads/2023/05/2023MontbrioProgramaCastVotans.pdf" rel="noopener"><img decoding="async" src="https://www.pertu.org/wp-content/uploads/2023/05/2023MontbrioProgramaCastVotans.png" height="500px"></a></object></p>
<p><strong><a href="https://www.pertu.org/wp-content/uploads/2023/05/2023MontbrioProgramaCastVotans.pdf">Descarrega el PROGRAMA electoral en Castellà</a></strong></p>

<p>Montbrio del Camp 2023 Programa Electoral Català Descarrega el PROGRAMA electoral en Català Programa Electoral Castellà Descarrega el PROGRAMA electoral en Castellà</p>
