{"id":581,"date":"2023-05-22T19:53:57","date_gmt":"2023-05-22T17:53:57","guid":{"rendered":"https:\/\/www.pertu.org\/?page_id=581"},"modified":"2023-05-22T19:53:58","modified_gmt":"2023-05-22T17:53:58","slug":"el-cogul-per-tu-c-xtu","status":"publish","type":"page","link":"https:\/\/www.pertu.org\/index.php\/el-cogul-per-tu-c-xtu\/","title":{"rendered":"EL COGUL-PER TU (C-xtu)"},"content":{"rendered":"\n<ol class=\"wp-block-list\"><li>Maria dels \u00c0ngels Juli\u00e0 Monn\u00e9<\/li><li>Romina Le\u00f3n Mart\u00ed<\/li><\/ol>\n","protected":false},"excerpt":{"rendered":"<p>Maria dels \u00c0ngels Juli\u00e0 Monn\u00e9 Romina Le\u00f3n Mart\u00ed<\/p>\n","protected":false},"author":1,"featured_media":0,"parent":0,"menu_order":0,"comment_status":"closed","ping_status":"closed","template":"","meta":{"_exactmetrics_skip_tracking":false,"_exactmetrics_sitenote_active":false,"_exactmetrics_sitenote_note":"","_exactmetrics_sitenote_category":0,"footnotes":""},"class_list":["post-581","page","type-page","status-publish","hentry"],"_links":{"self":[{"href":"https:\/\/www.pertu.org\/index.php\/wp-json\/wp\/v2\/pages\/581","targetHints":{"allow":["GET"]}}],"collection":[{"href":"https:\/\/www.pertu.org\/index.php\/wp-json\/wp\/v2\/pages"}],"about":[{"href":"https:\/\/www.pertu.org\/index.php\/wp-json\/wp\/v2\/types\/page"}],"author":[{"embeddable":true,"href":"https:\/\/www.pertu.org\/index.php\/wp-json\/wp\/v2\/users\/1"}],"replies":[{"embeddable":true,"href":"https:\/\/www.pertu.org\/index.php\/wp-json\/wp\/v2\/comments?post=581"}],"version-history":[{"count":1,"href":"https:\/\/www.pertu.org\/index.php\/wp-json\/wp\/v2\/pages\/581\/revisions"}],"predecessor-version":[{"id":582,"href":"https:\/\/www.pertu.org\/index.php\/wp-json\/wp\/v2\/pages\/581\/revisions\/582"}],"wp:attachment":[{"href":"https:\/\/www.pertu.org\/index.php\/wp-json\/wp\/v2\/media?parent=581"}],"curies":[{"name":"wp","href":"https:\/\/api.w.org\/{rel}","templated":true}]}}