{"id":593,"date":"2023-05-22T19:56:21","date_gmt":"2023-05-22T17:56:21","guid":{"rendered":"https:\/\/www.pertu.org\/?page_id=593"},"modified":"2023-05-22T19:56:22","modified_gmt":"2023-05-22T17:56:22","slug":"borges-per-la-republica-per-tu-bx-rep-xtu-les-borges-blanques","status":"publish","type":"page","link":"https:\/\/www.pertu.org\/index.php\/borges-per-la-republica-per-tu-bx-rep-xtu-les-borges-blanques\/","title":{"rendered":"BORGES PER LA REP\u00daBLICA-PER TU (Bx Rep-xtu) &#8211; Les Borges Blanques"},"content":{"rendered":"\n<ol class=\"wp-block-list\"><li>Josep Ramon Farran Belart<\/li><li>Ivette Maci\u00e0 Par\u00e9s<\/li><li>Enric Ca\u00f1ero Sendra<\/li><li>Vanesa Mart\u00ed Caelles<\/li><li>Jordi Calv\u00eds Burgu\u00e9s<\/li><li>Dolors M\u00f2nico Roca<\/li><li>Carles Ramon Cab\u00fas Santandreu<\/li><li>Mariona Farr\u00e9 Vidal<\/li><li>Pere Torra Monell<\/li><li>Francisca Alba Castellnou<\/li><li>Abdelilah Nacer Rmili<\/li><li>Gemma Farr\u00e9 Gri\u00f1o<\/li><li>Felipe Mart\u00ednez Torres<br>SUPLENTS<\/li><li>Rosa Pons Farran<\/li><li>Albert Calvera Bell\u00f3<\/li><li>Alba Carbonell Garsaball<\/li><li>Joan Cornudella Arrufat<\/li><li>Anna-J\u00falia Puy Marim\u00f3n<\/li><li>Jose Maria Pages Canas<\/li><\/ol>\n","protected":false},"excerpt":{"rendered":"<p>Josep Ramon Farran Belart Ivette Maci\u00e0 Par\u00e9s Enric Ca\u00f1ero Sendra Vanesa Mart\u00ed Caelles Jordi Calv\u00eds Burgu\u00e9s Dolors M\u00f2nico Roca Carles Ramon Cab\u00fas Santandreu Mariona Farr\u00e9 Vidal Pere Torra Monell Francisca Alba Castellnou Abdelilah Nacer Rmili Gemma Farr\u00e9 Gri\u00f1o Felipe Mart\u00ednez TorresSUPLENTS Rosa Pons Farran Albert Calvera Bell\u00f3 Alba Carbonell Garsaball Joan Cornudella Arrufat Anna-J\u00falia Puy &hellip; <\/p>\n<p class=\"link-more\"><a href=\"https:\/\/www.pertu.org\/index.php\/borges-per-la-republica-per-tu-bx-rep-xtu-les-borges-blanques\/\" class=\"more-link\">Continua llegint <span class=\"screen-reader-text\">\u00abBORGES PER LA REP\u00daBLICA-PER TU (Bx Rep-xtu) &#8211; Les Borges Blanques\u00bb<\/span><\/a><\/p>\n","protected":false},"author":1,"featured_media":0,"parent":0,"menu_order":0,"comment_status":"closed","ping_status":"closed","template":"","meta":{"_exactmetrics_skip_tracking":false,"_exactmetrics_sitenote_active":false,"_exactmetrics_sitenote_note":"","_exactmetrics_sitenote_category":0,"footnotes":""},"class_list":["post-593","page","type-page","status-publish","hentry"],"_links":{"self":[{"href":"https:\/\/www.pertu.org\/index.php\/wp-json\/wp\/v2\/pages\/593","targetHints":{"allow":["GET"]}}],"collection":[{"href":"https:\/\/www.pertu.org\/index.php\/wp-json\/wp\/v2\/pages"}],"about":[{"href":"https:\/\/www.pertu.org\/index.php\/wp-json\/wp\/v2\/types\/page"}],"author":[{"embeddable":true,"href":"https:\/\/www.pertu.org\/index.php\/wp-json\/wp\/v2\/users\/1"}],"replies":[{"embeddable":true,"href":"https:\/\/www.pertu.org\/index.php\/wp-json\/wp\/v2\/comments?post=593"}],"version-history":[{"count":1,"href":"https:\/\/www.pertu.org\/index.php\/wp-json\/wp\/v2\/pages\/593\/revisions"}],"predecessor-version":[{"id":594,"href":"https:\/\/www.pertu.org\/index.php\/wp-json\/wp\/v2\/pages\/593\/revisions\/594"}],"wp:attachment":[{"href":"https:\/\/www.pertu.org\/index.php\/wp-json\/wp\/v2\/media?parent=593"}],"curies":[{"name":"wp","href":"https:\/\/api.w.org\/{rel}","templated":true}]}}

BORGES PER LA REPÚBLICA-PER TU (Bx Rep-xtu) &#8211; Les Borges Blanques

<ol class="wp-block-list"><li>Josep Ramon Farran Belart</li><li>Ivette Macià Parés</li><li>Enric Cañero Sendra</li><li>Vanesa Martí Caelles</li><li>Jordi Calvís Burgués</li><li>Dolors Mònico Roca</li><li>Carles Ramon Cabús Santandreu</li><li>Mariona Farré Vidal</li><li>Pere Torra Monell</li><li>Francisca Alba Castellnou</li><li>Abdelilah Nacer Rmili</li><li>Gemma Farré Griño</li><li>Felipe Martínez Torres<br>SUPLENTS</li><li>Rosa Pons Farran</li><li>Albert Calvera Belló</li><li>Alba Carbonell Garsaball</li><li>Joan Cornudella Arrufat</li><li>Anna-Júlia Puy Marimón</li><li>Jose Maria Pages Canas</li></ol>

<p>Josep Ramon Farran Belart Ivette Macià Parés Enric Cañero Sendra Vanesa Martí Caelles Jordi Calvís Burgués Dolors Mònico Roca Carles Ramon Cabús Santandreu Mariona Farré Vidal Pere Torra Monell Francisca Alba Castellnou Abdelilah Nacer Rmili Gemma Farré Griño Felipe Martínez TorresSUPLENTS Rosa Pons Farran Albert Calvera Belló Alba Carbonell Garsaball Joan Cornudella Arrufat Anna-Júlia Puy &hellip; </p>
<p class="link-more"><a href="https://www.pertu.org/index.php/borges-per-la-republica-per-tu-bx-rep-xtu-les-borges-blanques/" class="more-link">Continua llegint <span class="screen-reader-text">«BORGES PER LA REPÚBLICA-PER TU (Bx Rep-xtu) &#8211; Les Borges Blanques»</span></a></p>
