{"id":605,"date":"2023-05-22T20:03:57","date_gmt":"2023-05-22T18:03:57","guid":{"rendered":"https:\/\/www.pertu.org\/?page_id=605"},"modified":"2023-05-22T20:03:58","modified_gmt":"2023-05-22T18:03:58","slug":"per-tu-xtu-montbrio-del-camp","status":"publish","type":"page","link":"https:\/\/www.pertu.org\/index.php\/per-tu-xtu-montbrio-del-camp\/","title":{"rendered":"PER TU (xtu) &#8211; Montbri\u00f3 del Camp"},"content":{"rendered":"\n<ol class=\"wp-block-list\"><li>Sr. CARLES SERRANO DAURA<\/li><li>Sr. CARLES PRATS CAELLES<\/li><li>Sr. JUAN MESTRES FRANQUET<\/li><li>Sra. MAR\u00cdA INMACULADA RAMOS QUEROL<\/li><li>Sra. VANESA VILLANUEVA RODR\u00cdGUEZ<\/li><li>Sr. JOSE IGNACIO ESTERUELAS RUIZ<\/li><li>Sr. MIGUEL ANGEL CRUZ ANTON<\/li><li>Sra. IDA SENIA<\/li><li>Sra. MIREIA ROCA TOSET<\/li><li>Sr. JOSE MARIA BORRAS SANCHO<\/li><li>Sra. JOSEFA LOPEZ ESPALLARGAS<br>Suplents<\/li><li>Sr. SERGIO RODR\u00cdGUEZ JURADO<\/li><li>Sr. JOS\u00c9 MAR\u00cdA BOQUERA GISPERT<\/li><li>Sr. ANTONI VIDAL CINCA<\/li><li>Sra. JOSEFINA MARTOS GUIU<\/li><li>Sra. YOLANDA GARC\u00cdA DOM\u00cdNGUEZ<\/li><li>Sr. MAURO CAMPEDELLI<\/li><li>Sra. CRISTINA MENDOZA GARCIA<\/li><li>Sr. ROBERTO CARLOS CODES RAMOS<\/li><li>Sr. JOSEP LLAVERIA BUQUERAS<\/li><\/ol>\n","protected":false},"excerpt":{"rendered":"<p>Sr. CARLES SERRANO DAURA Sr. CARLES PRATS CAELLES Sr. JUAN MESTRES FRANQUET Sra. MAR\u00cdA INMACULADA RAMOS QUEROL Sra. VANESA VILLANUEVA RODR\u00cdGUEZ Sr. JOSE IGNACIO ESTERUELAS RUIZ Sr. MIGUEL ANGEL CRUZ ANTON Sra. IDA SENIA Sra. MIREIA ROCA TOSET Sr. JOSE MARIA BORRAS SANCHO Sra. JOSEFA LOPEZ ESPALLARGASSuplents Sr. SERGIO RODR\u00cdGUEZ JURADO Sr. JOS\u00c9 MAR\u00cdA BOQUERA &hellip; <\/p>\n<p class=\"link-more\"><a href=\"https:\/\/www.pertu.org\/index.php\/per-tu-xtu-montbrio-del-camp\/\" class=\"more-link\">Continua llegint <span class=\"screen-reader-text\">\u00abPER TU (xtu) &#8211; Montbri\u00f3 del Camp\u00bb<\/span><\/a><\/p>\n","protected":false},"author":1,"featured_media":0,"parent":0,"menu_order":0,"comment_status":"closed","ping_status":"closed","template":"","meta":{"_exactmetrics_skip_tracking":false,"_exactmetrics_sitenote_active":false,"_exactmetrics_sitenote_note":"","_exactmetrics_sitenote_category":0,"footnotes":""},"class_list":["post-605","page","type-page","status-publish","hentry"],"_links":{"self":[{"href":"https:\/\/www.pertu.org\/index.php\/wp-json\/wp\/v2\/pages\/605","targetHints":{"allow":["GET"]}}],"collection":[{"href":"https:\/\/www.pertu.org\/index.php\/wp-json\/wp\/v2\/pages"}],"about":[{"href":"https:\/\/www.pertu.org\/index.php\/wp-json\/wp\/v2\/types\/page"}],"author":[{"embeddable":true,"href":"https:\/\/www.pertu.org\/index.php\/wp-json\/wp\/v2\/users\/1"}],"replies":[{"embeddable":true,"href":"https:\/\/www.pertu.org\/index.php\/wp-json\/wp\/v2\/comments?post=605"}],"version-history":[{"count":1,"href":"https:\/\/www.pertu.org\/index.php\/wp-json\/wp\/v2\/pages\/605\/revisions"}],"predecessor-version":[{"id":606,"href":"https:\/\/www.pertu.org\/index.php\/wp-json\/wp\/v2\/pages\/605\/revisions\/606"}],"wp:attachment":[{"href":"https:\/\/www.pertu.org\/index.php\/wp-json\/wp\/v2\/media?parent=605"}],"curies":[{"name":"wp","href":"https:\/\/api.w.org\/{rel}","templated":true}]}}